base 6
1034204
What is -4a9788 (base 13) in base 14?
-349014
2440527 (base 8) to base 6
22223303
What is -80142 (base 9) in base 8?
-146577
What is 333d31 (base 14) in base 15?
245648
What is -13512141 (base 6) in base 11?
-295043
What is 11120102112 (base 3) in base 2?
10101111101111010
Convert 4b744d (base 14) to base 8.
11712215
Convert b45d2 (base 14) to base 13.
122b39
62573 (base 14) to base 5
30041230
-193929 (base 12) to base 14
-b70d3
-2031 (base 12) to base 7
-13120
What is 29ae (base 16) in base 7?
43052
-120212222 (base 3) to base 5
-332312
Convert 440fc (base 16) to base 3.
112011102012
-14819 (base 15) to base 12
-321b9
Convert 190673 (base 10) to base 6.
4030425
-2622376 (base 8) to base 10
-730366
What is 1023642 (base 9) in base 15?
ac24e
Convert 327005 (base 9) to base 8.
575461
What is 1473c7 (base 13) in base 12?
20232a
Convert 4488a1 (base 13) to base 14.
301b75
6898899 (base 10) to base 3
110222111111210
Convert -2a891 (base 11) to base 4.
-22222030
Convert d8c3ab (base 15) to base 3.
201102012220222
48471 (base 12) to base 8
276225
-66344 (base 8) to base 16
-6ce4
What is 34984 (base 11) in base 8?
142374
Convert -2b7a23 (base 13) to base 11.
-673892
-1001112334 (base 5) to base 11
-1128255
Convert 6743713 (base 8) to base 7.
21321633
What is -69985 (base 15) in base 10?
-336275
13603 (base 12) to base 10
26787
1988840 (base 10) to base 2
111100101100011101000
Convert 24542130 (base 6) to base 12.
321946
Convert 10100100000100001100 (base 2) to base 16.
a410c
What is -2003423 (base 7) in base 11?
-151797
Convert -2645398 (base 11) to base 7.
-53613351
Convert -27745a8 (base 11) to base 9.
-8883514
What is -3aadc (base 15) in base 3?
-100120000000
Convert -b36b1 (base 12) to base 2.
-111001001100100101
Convert -10c6b9 (base 13) to base 3.
-202021002020
What is -12001313011 (base 4) in base 3?
-2222022000111
Convert -3236217 (base 8) to base 5.
-210224341
1ac3ca (base 13) to base 3
1021202012010
-17e56 (base 15) to base 5
-4434411
Convert -5ca972 (base 13) to base 3.
-11011221002020
Convert 290472 (base 16) to base 12.
a97756
Convert 1434033404 (base 5) to base 12.
133b806
What is 3054025 (base 6) in base 5?
14203304
What is -111121211120 (base 3) in base 4?
-1001131320
-401332042 (base 5) to base 4
-12010012033
What is -134f (base 16) in base 13?
-2333
What is 7205 (base 11) in base 13?
4479
Convert -40331350 (base 6) to base 5.
-243203224
22544436 (base 7) to base 12
7b4556
What is -22221102020 (base 3) in base 6?
-3434440
What is 411c5 (base 13) in base 12?
576ab
-224408 (base 9) to base 4
-200311010
What is 1c1b (base 13) in base 2?
1000010011001
100010001000001001110010 (base 2) to base 14
128c44a
What is -1022031032 (base 4) in base 15?
-600d5
-59919 (base 10) to base 6
-1141223
Convert d67904 (base 15) to base 5.
10102420104
Convert -1010202120212 (base 3) to base 6.
-20551122
33203201012 (base 4) to base 9
7604418
What is -206675 (base 8) in base 16?
-10dbd
Convert 31742170 (base 8) to base 6.
401431452
11130130220 (base 4) to base 12
589b48
What is 111001100011100110100 (base 2) in base 12?
76b530
10110011000111011 (base 2) to base 14
255c7
-a7963 (base 15) to base 7
-4344000
Convert -1640c6 (base 13) to base 16.
-86ab9
Convert 111101000000100001011 (base 2) to base 5.
1002432430
Convert 1022100210000 (base 3) to base 7.
5626152
What is -1011001010111000 (base 2) in base 9?
-68675
Convert 2624232 (base 7) to base 2.
1010011100110100011
Convert b12d2 (base 14) to base 16.
67fa8
What is -11011202010012 (base 3) in base 12?
-8b02a2
Convert 110c46 (base 16) to base 14.
21123c
What is 101102202022 (base 3) in base 11?
130355
Convert 3085a (base 11) to base 2.
1010111110011100
What is -120213200 (base 4) in base 12?
-4a428
What is -104a7 (base 15) in base 8?
-144742
-5534558 (base 9) to base 13
-802472
Convert 230a5 (base 12) to base 4.
23122331
Convert -274026 (base 8) to base 15.
-1d7d8
Convert 1d7af3 (base 16) to base 14.
384135
55140135 (base 6) to base 14
30bbbd
34301041 (base 5) to base 16
4acdc
21220531 (base 6) to base 7
5211532
-97c25 (base 14) to base 13
-cb279
Convert -134124353 (base 6) to base 5.
-1143424141
10647066 (base 8) to base 4
20310320312
What is 4a2035 (base 13) in base 11?
1002827
What is 1036027 (base 12) in base 15?
4063b1
Convert 9a2950 (base 12) to base 2.
1001010110100011001100
Convert 10d55b (base 14) to base 13.
171699
Convert -4017236 (base 8) to base 12.
-42b426
Convert -5135011 (base 6) to base 5.
-30333111
-32154523 (base 6) to base 15
-13b040
What is 105a34b (base 12) in base 7?
35261402
Convert 1056aa0 (base 12) to base 6.
150251120
Convert 204430421 (base 5) to base 8.
3214174
What is 1243246 (base 8) in base 14?
90018
Convert 1113303542 (base 6) to base 13.
26b2881
1103103200 (base 4) to base 6
11151412
What is 12211122022 (base 3) in base 13?
40400
Convert -165202626 (base 7) to base 2.
-101011001101110110010110
-16eeb2 (base 15) to base 10
-1113692
What is ad051 (base 15) in base 4?
2012110321
What is 48460 (base 10) in base 13?
19099
What is 163152 (base 12) in base 14?
9bdb8
What is 15441551 (base 6) in base 10?
549931
Convert -4777a (base 11) to base 13.
-25426
What is -307ba (base 14) in base 4?
-130200300
What is 11101110000011111011111 (base 2) in base 9?
15608614
22010001120 (base 3) to base 6
3231153
6481627 (base 9) to base 3
20112201200221
What is -7d98b0 (base 14) in base 8?
-20274042
-100000101111010111 (base 2) to base 7
-1065654
What is -1001001000011100010 (base 2) in base 16?
-490e2
Convert -1000221002202 (base 3) to base 8.
-2061554
-61dd29 (base 14) to base 5
-1321203432
Convert 202001211112 (base 3) to base 9.
661745
Convert 310310232 (base 4) to base 10.
216366
Convert 10100100001111100011 (base 2) to base 3.
1021011211021
-765312 (base 10) to base 7
-6335142
Convert 52054213 (base 6) to base 14.
2b0b29
658503 (base 9) to base 14
a34b9
What is -8150 (base 12) in base 15?
-4253
-785e4 (base 15) to base 13
-105277
1111421 (base 6) to base 10
56101
What is -1a28ce (base 15) in base 10?
-1274369
What is 23399 (base 12) in base 15?
dec0
Convert 201120202002201 (base 3) to base 14.
154ca4d
Convert -40434324 (base 5) to base 15.
-6705e
1033031213 (base 4) to base 16
4f367
11098 (base 16) to base 2
10001000010011000
Convert -51404532 (base 6) to base 9.
-2703112
Convert 101343 (base 10) to base 11.
6a160
What is -11000001101110000 (base 2) in base 12?
-49494
Convert 130235005 (base 6) to base 16.
26c1ad
-1423a5 (base 12) to base 10
-335789
What is 121014121 (base 5) in base 15?
b2026
Convert 27731120 (base 8) to base 4.
113323021100
-2121535 (base 6) to base 9
-167715
Convert f5cd3 (base 16) to base 10.
1006803
11033000 (base 5) to base 8
273400
Convert 110010111111110101 (base 2) to base 7.
1526665
What is 13666523 (base 7) in base 12?
524a62
What is 19bb3b0 (base 12) in base 7?
64343451
What is -130122313302 (base 4) in base 9?
-15014546
What is -1111012200022 (base 3) in base 9?
-1435608
What is -1742742 (base 10) in base 2?
-110101001011110010110
Convert -3103330313 (base 4) to base 8.
-3237467
Convert c62734 (base 14) to base 4.
121201213122
Convert -e178c (base 15) to base 6.
-23144440
Convert 34325403 (base 6) to base 2.
100000001001110001011
Convert 3014073 (base 10) to base 16.
2dfdb9
What is 253075 (base 12) in base 8?
2240631
Convert -147521 (base 13) to base 15.
-9da28
What is -42a179 (base 13) in base 14?
-2ca245
Convert -2100121201022 (base 3) to base 12.
-5047b2
Convert -9591a (base 12) to base 8.
-577746
Convert 1402a3a (base 12) to base 4.
33031031032
-220212302121 (base 4) to base 10
-10644633
What is -c7675 (base 16) in base 4?
-3013121311
Convert -16d7b (base 16) to base 5.
-10443223
Convert 2351205 (base 7) to base 16.
48cba
-1210422143 (base 5) to base 3
-12022121021222
-114622 (base 8) to base 5
-2224224
383b3 (base 15) to base 9
303466
-30002320030 (base 4) to base 14
-5c29ac
5060662 (base 7) to base 14
119a69
6cd83 (base 15) to base 2
1010100110010100010
-303047 (base 8) to base 3
-12002000020
205576 (base 12) to base 9
852560
What is 5138b3 (base 15) in base 2?
1110101110010010001001
What is -25533442 (base 6) in base 9?
-1514708
What is 1355004 (base 6) in base 10?
77548
Convert 8501304 (base 11) to base 14.
1dbcda1
-232022301 (base 5) 